1
Let t(z) = -6*z**2 - 192*z + 183. Let p be t(-22). What is the greatest common factor of p and 18?
9
Let f(s) = 5327*s**2 + 15*s + 37. Let u be f(-2). What is the greatest common divisor of 145 and u?
145
Suppose -36 = b - 39. Suppose -11*o + 1536 = -b*o. What is the highest common factor of o and 64?
64
Let g = 164 + 100. Let l = -216 + g. What is the highest common divisor of l and 240?
48
Suppose 0 = 4*x + 182 - 178. Let s be -41 - -45 - (x + 1 - -1). Suppose -s*k + 0*k + 67 = t, -5*t = 4*k - 104. Calculate the greatest common factor of 6 and k.
3
Let o be (-1004)/(-14) + 8/28. Let t be -2 + o/30 + 3692/(-5). Let m be t/(-90) - (-2)/(-10). Calculate the highest common factor of m and 8.
8
Let n(i) = 3*i**3 + 4*i**2 + 35*i - 140. Let a be n(5). Calculate the highest common divisor of a and 1071.
51
Suppose 22*l - 13528 = -2000. Let n = -244 + l. Calculate the highest common factor of 40 and n.
40
Let q = -3394 - -3520. What is the greatest common divisor of q and 477?
9
Let r = 108 + -86. Let w = 24 - r. Suppose -277*c + 276*c = -14. Calculate the greatest common divisor of w and c.
2
Suppose 8*v + 16 + 24 = 0. Let u be ((-1)/2)/(v/510). Suppose -j + 2*a + 26 = 0, u - 130 = -4*j + 3*a. Calculate the highest common divisor of 32 and j.
16
Suppose -u = -3*d + 15175, -61*u + 5021 = d - 66*u. What is the highest common divisor of d and 42?
21
Let p be 164/1066 - (-12322)/13. Calculate the highest common factor of 96 and p.
12
Suppose 0 = -5*x + 30, 4*y + x - 5448 - 2330 = 0. What is the highest common factor of y and 87?
29
Let y = 2914 + -2810. Calculate the greatest common divisor of y and 248.
8
Suppose -36*z - 16848 = -75*z. Calculate the greatest common factor of 11448 and z.
216
Suppose 3*g + 18 = 0, -2*p - 5*g + 10648 = -7134. Calculate the greatest common factor of p and 584.
146
Let l be ((-12)/(-30))/((-3)/(-165)). Suppose 118 = -5*y - l. Let g be y/98 + 424/14. What is the greatest common divisor of g and 60?
30
Suppose -233*u = -227*u. Suppose 72 = 5*c + 3*j, -3*c - 4*j = -u*j - 41. Let m = 184 + -79. What is the highest common divisor of m and c?
15
Let g be 1202/10 - (-13 + 1584/120). Calculate the highest common divisor of 66 and g.
6
Suppose 0 = -8*k - 0*k + 144. Let j be k*((-20)/8 - -3). Suppose 2*o = -0*r - 5*r + 137, 2*o - 157 = -r. Calculate the highest common factor of o and j.
9
Suppose 9378 = 18*i - 5760. What is the highest common factor of i and 116?
29
Let z be 5141/9 + -10 - (-7)/(189/(-6)). What is the highest common factor of 33 and z?
33
Let v(s) = -s**3 - 88*s**2 - 1155*s - 155. Let g be v(-72). Calculate the greatest common factor of 2257 and g.
61
Let b be ((6 - -4) + 1)/((-48)/(-45) - 1). Calculate the greatest common divisor of b and 17160.
165
Let r = -27095 + 27865. Calculate the highest common factor of 1330 and r.
70
Let m be (-3)/21 + (-3)/(10962/(-1557) - -7). Calculate the greatest common factor of 64 and m.
2
Let j(p) = -23*p - 7. Let x be j(14). Let r = x + 521. Suppose 0 = q - 5*q + r. What is the highest common divisor of 24 and q?
24
Suppose 29*d = d + 9324. What is the highest common divisor of d and 27?
9
Suppose 3*f + y - 1567 = 3678, -5*f - 5*y + 8765 = 0. Calculate the highest common factor of 12 and f.
6
Suppose 2*w + 147 = -w. Suppose -5*v + 7*v = 4*s + 126, 5*v - 4*s - 327 = 0. Let b = v + w. Calculate the greatest common factor of 144 and b.
18
Suppose 0*d + 4*d = 28. Let p be d*3 + 129/43. What is the greatest common divisor of 72 and p?
24
Let k be (6/(-13 + 7))/(1/(-30)). Suppose 0 = -l + 2*g + g + 390, 0 = -5*l - 5*g + 2050. What is the highest common divisor of l and k?
15
Let q(s) = s**2 - 47. Let u be q(7). Let l(h) = -h**3 - 3*h**2 - 1. Let k be l(-3). Let t = 2 + k. Calculate the highest common divisor of t and u.
1
Suppose 75*j - 162555 = -2055. Calculate the highest common factor of j and 60.
20
Let m = -7121 - -7433. Suppose -3*v + 34 = -2*s, -5*s + 29 = 4*v - 24. What is the greatest common factor of v and m?
12
Let u = 134279 - 57719. What is the highest common factor of u and 348?
348
Suppose -127*y - 141*y + 3396096 = 0. Calculate the highest common divisor of y and 297.
99
Let i be -7 - (-18 - (-2 + -5)). Suppose -1680 = -3*h + 5*r + 127, i*r = 5*h - 2990. Calculate the highest common divisor of 22 and h.
22
Let z be (-6)/(0/(-1) - 1). Suppose -5*m = -5*l - 86 + 321, -186 = 4*m - 3*l. Let o = 63 + m. Calculate the highest common divisor of z and o.
6
Let s(q) = -q**2 - 27*q - 20. Suppose 3*g - 2*g = -26. Let y be s(g). Calculate the greatest common factor of y and 3.
3
Let p(j) = -j**2 - 9*j - 5. Let m(q) = -q - 4. Let a be m(0). Let w be p(a). Let i = -4873 - -4879. What is the greatest common divisor of w and i?
3
Suppose a - 44 = 3*f, 29 = -f + 2*a + 11. Let o = -7 - f. What is the highest common divisor of 49 and o?
7
Let o = -23 + 20. Let b be 30/(-20)*(o - (0 - 1)). Calculate the highest common factor of 2 and b.
1
Suppose 4*c + 5*a - 137 = 0, -a + 57 + 16 = 2*c. Suppose -13 = c*z - 355. What is the highest common divisor of z and 243?
9
Let v(a) = -a - 22. Let l(q) = q - 144. Let i(r) = -l(r) + 6*v(r). Let u be 10*(0 - (-2)/(-5)). Let n be i(u). Calculate the highest common factor of 10 and n.
10
Suppose 2*q = -0*q. Let p be 156 - (1 + q - -1). Let w = 72 + -50. What is the greatest common factor of p and w?
22
Let b(z) = z**3 - 15*z**2 - 5*z - 20. Let u(s) = s + 1. Let f(x) = -b(x) - 5*u(x). Let h be f(15). Calculate the greatest common factor of 75 and h.
15
Suppose 22294 = 15*n - 37376. What is the greatest common factor of n and 468?
234
Suppose -4*p + 5*j = -2308 + 268, -2*p + 2*j + 1018 = 0. Suppose -4*m = -p - 455. Calculate the greatest common divisor of m and 90.
30
Let w be 6/6 - 10*-2. Suppose -z - 36 = 2*z. Let r = -9 - z. What is the highest common divisor of w and r?
3
Let r(p) = 14*p**2 - 53*p - 1031. Let i be r(-18). Calculate the highest common divisor of 7 and i.
7
Let r be ((-4117)/716)/((-1)/456). What is the greatest common divisor of 57 and r?
57
Let k = -184 + 261. Let b = -10 - -10. Suppose 3*f + 12 = -2*v + k, b = -4*v - 2*f + 118. Calculate the greatest common divisor of v and 112.
28
Let f(b) = -755*b - 67. Let n be f(-1). What is the highest common factor of 258 and n?
86
Suppose -221*y + 389 = -4031. What is the greatest common factor of y and 6140?
20
Let q be (27/6)/(3 - 2421/810). Suppose 0 = -r - 4*r + 810. Calculate the highest common factor of r and q.
81
Suppose -3*k + k - 24 = 3*i, 85 = -5*k + 5*i. Let o = k + 69. Let n = 99 - o. Calculate the highest common divisor of n and 5.
5
Let g(r) = -r**2 - 11*r + 45. Let c be g(-14). Let i(z) = 116*z - 145. Let f be i(c). What is the greatest common factor of 7 and f?
7
Suppose -4*n + 53 = 5*i, 2936*n - 2941*n = 4*i - 28. Calculate the highest common factor of 1207 and i.
17
Suppose 0 = p + 3, 5*p - 17 = 4*b + 12. Let z(k) = -k**3 - 11*k**2 - 8*k - 10. Let l be z(b). Calculate the greatest common divisor of l and 6.
6
Suppose 30*q - 1 = 4409. Calculate the greatest common divisor of q and 15.
3
Let p be -1 + (-318)/(-2) + -13 + 14. Let u = p + -69. Let o be ((-432)/u)/((-1)/5). Calculate the highest common divisor of o and 120.
24
Suppose t - 2 = 2, -3*t = k - 250. Let z(i) = i**3 + 23*i**2 - 6*i - 124. Let j be z(-23). What is the greatest common factor of k and j?
14
Let h(g) = -5*g**2 + 402*g + 95. Let t be h(79). What is the highest common divisor of 1539 and t?
81
Suppose 84 = 3*x + 81, 4368 = 5*d - 2*x. What is the highest common divisor of 46 and d?
46
Let b = 4 - -6. Suppose 42 + b = 2*c. Calculate the greatest common factor of c and 39.
13
Let d be ((-4)/10)/((-4)/3040). Let b be (99617/(-13832) + (-1)/(-13))/((-1)/8). What is the greatest common divisor of d and b?
19
Let n = 37708 + -37500. Let r = 26 - -26. Suppose 0*g = -2*i + 2*g + r, -3*i - 4*g + 78 = 0. Calculate the highest common divisor of i and n.
26
Suppose 5*u - 6415 = -4*i, -3*i + 2*u = -4086 - 708. What is the greatest common divisor of 300 and i?
100
Suppose -106*x = 351 - 1941. Calculate the highest common divisor of 498 and x.
3
Let c be (-1)/(5/32)*-5. Suppose 6*d = 245 - 77. Suppose -d*j + 33*j = 240. Calculate the greatest common factor of j and c.
16
Suppose -32*i - 11035 - 5965 = -42*i. Calculate th